{"id":10611,"date":"2023-06-27T10:36:57","date_gmt":"2023-06-27T07:36:57","guid":{"rendered":"https:\/\/tyoelamaan.fi\/?page_id=10611"},"modified":"2024-12-17T06:20:14","modified_gmt":"2024-12-17T04:20:14","slug":"tyohaastattelu","status":"publish","type":"page","link":"https:\/\/tyoelamaan.fi\/selko\/tyon-aloitus\/tyohaastattelu\/","title":{"rendered":"Ty\u00f6haastattelu"},"content":{"rendered":"\n<p>Saat kutsun ty\u00f6haastatteluun, jos ty\u00f6nantaja kiinnostuu hakemuksestasi. Tutustu ennen haastattelua ty\u00f6antajan nettisivuihin. Selvit\u00e4 my\u00f6s yrityksen tarkka sijainti, jotta l\u00f6yd\u00e4t varmasti perille ajoissa haastattelup\u00e4iv\u00e4n\u00e4. Ota mukaan todistukset ja ty\u00f6n\u00e4ytteit\u00e4.<\/p>\n\n\n\n<p>Haastattelija luo sinusta mielikuvan jo k\u00e4ttelyn perusteella. Kohtelias k\u00e4yt\u00f6s ja siisti ulkon\u00e4k\u00f6 antavat hyv\u00e4n vaikutelman. Asu kannattaa valita teht\u00e4v\u00e4n mukaan. Pukeudu kuitenkin niin, ett\u00e4 tunnet olosi luontevaksi.<\/p>\n\n\n\n<p>Haastattelua voi harjoitella. Mieti vastauksia kysymyksiin, joita haastattelija voi esitt\u00e4\u00e4. Haastattelussa kysymysten pit\u00e4\u00e4 liitty\u00e4 haettavaan ty\u00f6h\u00f6n.<\/p>\n\n\n\n<p>Haastattelussa ei tarvitse kertoa perhetilanteesta, uskonnosta tai poliittisesta vakaumuksesta. Ty\u00f6nantaja ei saa asettaa ty\u00f6nhakijoita eriarvoiseen asemaan vastaamatta j\u00e4tt\u00e4misen perusteella.<\/p>\n\n\n\n<h2 class=\"wp-block-heading\">Videohaastattelu<\/h2>\n\n\n\n<p>Ty\u00f6nhaussa k\u00e4ytet\u00e4\u00e4n yh\u00e4 useammin videohaastattelua. Kiinnit\u00e4 videohaastattelussa huomiota samoihin asioihin kuin tavallisessa haastattelussa. Varmista, ett\u00e4 videolla n\u00e4kyv\u00e4 ymp\u00e4rist\u00f6 on siisti ja rauhallinen.<\/p>\n\n\n\n<p><strong>Valmistautuminen videohaastatteluun<\/strong><\/p>\n\n\n\n<ul class=\"wp-block-list\">\n<li>Tutustu kysymyksiin, jos saat ne ennakkoon.<\/li>\n\n\n\n<li>Harjoittele vastauksia ja kokeile kuvakulmia liikuttamalla tietokoneen kameraa.<\/li>\n\n\n\n<li>Testaa mikrofoni ja kaiuttimet.<\/li>\n\n\n\n<li>Avaa tietokone hyviss\u00e4 ajoin.<\/li>\n\n\n\n<li>Tarkista ajoissa, ett\u00e4 nettiyhteys toimii.<\/li>\n<\/ul>\n\n\n\n<h2 class=\"wp-block-heading\">Henkil\u00f6testaus<\/h2>\n\n\n\n<p>Ty\u00f6nantaja saattaa kutsua sinut soveltuvuustestiin. Osallistuminen on vapaaehtoista mutta suositeltavaa.<\/p>\n\n\n<div data-accordion-title=\"Soveltuvuustesti\" data-block-id=\"block-c6fe8ad3-234b-47ea-ae7d-47bc0107d397\" class=\"wp-block-as-blocks-accordion-block\"><div class=\"accordion\"><div class=\"accordion-item\"><h4 class=\"accordion-header\" id=\"block-c6fe8ad3-234b-47ea-ae7d-47bc0107d397heading\"><button class=\"accordion-button collapsed\" type=\"button\" data-bs-toggle=\"collapse\" data-bs-target=\"#block-c6fe8ad3-234b-47ea-ae7d-47bc0107d397\" aria-expanded=\"false\" aria-controls=\"block-c6fe8ad3-234b-47ea-ae7d-47bc0107d397\"><span class='tooltipsall tooltipsincontent classtoolTips25'>Soveltuvuustesti<\/span><\/button><\/h4><div id=\"block-c6fe8ad3-234b-47ea-ae7d-47bc0107d397\" class=\"accordion-collapse collapse\" aria-labelledby=\"block-c6fe8ad3-234b-47ea-ae7d-47bc0107d397heading\"><div class=\"accordion-body\">\n<p>Sinua voidaan testata soveltuvuusarvioinnin avulla, kun haet ty\u00f6paikkaa. Sill\u00e4 selvitet\u00e4\u00e4n, kuinka hyvin pystyisit hoitamaan ty\u00f6n. Jos saat paikan, testeill\u00e4 voidaan my\u00f6s selvitt\u00e4\u00e4 koulutuksen tarpeitasi. N\u00e4ihin testeihin tarvitaan aina oma suostumuksesi.<\/p>\n<\/div><\/div><\/div><\/div><\/div>\n\n<div data-accordion-title=\"Huumetesti\" data-block-id=\"block-a7fe9ead-2162-4432-a225-28a463860b21\" class=\"wp-block-as-blocks-accordion-block\"><div class=\"accordion\"><div class=\"accordion-item\"><h4 class=\"accordion-header\" id=\"block-a7fe9ead-2162-4432-a225-28a463860b21heading\"><button class=\"accordion-button collapsed\" type=\"button\" data-bs-toggle=\"collapse\" data-bs-target=\"#block-a7fe9ead-2162-4432-a225-28a463860b21\" aria-expanded=\"false\" aria-controls=\"block-a7fe9ead-2162-4432-a225-28a463860b21\">Huumetesti<\/button><\/h4><div id=\"block-a7fe9ead-2162-4432-a225-28a463860b21\" class=\"accordion-collapse collapse\" aria-labelledby=\"block-a7fe9ead-2162-4432-a225-28a463860b21heading\"><div class=\"accordion-body\">\n<p>Ty\u00f6nantaja voi pyyt\u00e4\u00e4 sinua huumausainetestiin. Sinulta pit\u00e4\u00e4 pyyt\u00e4\u00e4 testiin suostumus. Huumetesti\u00e4 pyydet\u00e4\u00e4n silloin, kun ty\u00f6 vaatii tarkkuutta, luotettavuutta, harkintaa tai hyv\u00e4\u00e4 reagointikyky\u00e4.<\/p>\n\n\n\n<p>Huumeet voivat:<\/p>\n\n\n\n<ol class=\"wp-block-list\">\n<li>vaarantaa ty\u00f6ntekij\u00e4n tai muiden terveyden<\/li>\n\n\n\n<li>vaarantaa maanpuolustusta tai valtion turvallisuutta<\/li>\n\n\n\n<li>vaarantaa liikenneturvallisuutta<\/li>\n\n\n\n<li>lis\u00e4t\u00e4 ymp\u00e4rist\u00f6vahinkojen riski\u00e4<\/li>\n\n\n\n<li>vaarantaa tietojen suojaa ja laatua<\/li>\n\n\n\n<li>vaarantaa liikesalaisuutta.<\/li>\n<\/ol>\n<\/div><\/div><\/div><\/div><\/div>\n\n<div data-accordion-title=\"Luottotiedot\" data-block-id=\"block-3123f4f4-0f94-43a3-9fbf-9b795e86734c\" class=\"wp-block-as-blocks-accordion-block\"><div class=\"accordion\"><div class=\"accordion-item\"><h4 class=\"accordion-header\" id=\"block-3123f4f4-0f94-43a3-9fbf-9b795e86734cheading\"><button class=\"accordion-button collapsed\" type=\"button\" data-bs-toggle=\"collapse\" data-bs-target=\"#block-3123f4f4-0f94-43a3-9fbf-9b795e86734c\" aria-expanded=\"false\" aria-controls=\"block-3123f4f4-0f94-43a3-9fbf-9b795e86734c\">Luottotiedot<\/button><\/h4><div id=\"block-3123f4f4-0f94-43a3-9fbf-9b795e86734c\" class=\"accordion-collapse collapse\" aria-labelledby=\"block-3123f4f4-0f94-43a3-9fbf-9b795e86734cheading\"><div class=\"accordion-body\">\n<p>Ty\u00f6nantaja saa tarkistaa luottotiedot, jos ty\u00f6ss\u00e4 on mahdollisuus laittomaan taloudelliseen hy\u00f6tyyn. T\u00e4llaisessa ty\u00f6ss\u00e4 p\u00e4\u00e4tet\u00e4\u00e4n taloudellisista sitoumuksista, my\u00f6nnet\u00e4\u00e4n luottoja ja k\u00e4sitell\u00e4\u00e4n varoja sek\u00e4 liikesalaisuuksia.<\/p>\n<\/div><\/div><\/div><\/div><\/div>\n\n\n<p><\/p>\n<script type=\"text\/javascript\"> toolTips('.classtoolTips25','Soveltuvuustestiss\u00e4 mitataan ty\u00f6ntekij\u00e4n sopivuutta ty\u00f6paikkaan. Testeiss\u00e4 voidaan mitata esimerkiksi p\u00e4\u00e4ttelykyky\u00e4, persoonallisuutta tai tiimity\u00f6skentelytaitoja.'); <\/script>","protected":false},"excerpt":{"rendered":"<p>Saat kutsun ty\u00f6haastatteluun, jos ty\u00f6nantaja kiinnostuu hakemuksestasi. Tutustu ennen haastattelua ty\u00f6antajan nettisivuihin. Selvit\u00e4 my\u00f6s yrityksen tarkka sijainti, jotta l\u00f6yd\u00e4t varmasti perille ajoissa haastattelup\u00e4iv\u00e4n\u00e4. Ota mukaan todistukset ja ty\u00f6n\u00e4ytteit\u00e4. Haastattelija luo sinusta mielikuvan jo k\u00e4ttelyn perusteella. Kohtelias k\u00e4yt\u00f6s ja siisti ulkon\u00e4k\u00f6 antavat hyv\u00e4n vaikutelman. Asu kannattaa valita teht\u00e4v\u00e4n mukaan. Pukeudu kuitenkin niin, ett\u00e4 tunnet olosi luontevaksi. [&hellip;]<\/p>\n","protected":false},"author":13,"featured_media":0,"parent":10842,"menu_order":0,"comment_status":"closed","ping_status":"closed","template":"","meta":{"_acf_changed":false,"footnotes":""},"asiasana":[],"omistaja":[],"class_list":["post-10611","page","type-page","status-publish","hentry"],"acf":[],"yoast_head":"<!-- This site is optimized with the Yoast SEO plugin v27.3 - https:\/\/yoast.com\/product\/yoast-seo-wordpress\/ -->\n<title>Ty\u00f6haastattelu - Ty\u00f6el\u00e4m\u00e4\u00e4n.fi<\/title>\n<meta name=\"robots\" content=\"index, follow, max-snippet:-1, max-image-preview:large, max-video-preview:-1\" \/>\n<link rel=\"canonical\" href=\"https:\/\/tyoelamaan.fi\/tyon-aloitus\/tyohaastattelu\/\" \/>\n<meta property=\"og:locale\" content=\"fi_FI\" \/>\n<meta property=\"og:type\" content=\"article\" \/>\n<meta property=\"og:title\" content=\"Ty\u00f6haastattelu - Ty\u00f6el\u00e4m\u00e4\u00e4n.fi\" \/>\n<meta property=\"og:description\" content=\"Saat kutsun ty\u00f6haastatteluun, jos ty\u00f6nantaja kiinnostuu hakemuksestasi. Tutustu ennen haastattelua ty\u00f6antajan nettisivuihin. Selvit\u00e4 my\u00f6s yrityksen tarkka sijainti, jotta l\u00f6yd\u00e4t varmasti perille ajoissa haastattelup\u00e4iv\u00e4n\u00e4. Ota mukaan todistukset ja ty\u00f6n\u00e4ytteit\u00e4. Haastattelija luo sinusta mielikuvan jo k\u00e4ttelyn perusteella. Kohtelias k\u00e4yt\u00f6s ja siisti ulkon\u00e4k\u00f6 antavat hyv\u00e4n vaikutelman. Asu kannattaa valita teht\u00e4v\u00e4n mukaan. Pukeudu kuitenkin niin, ett\u00e4 tunnet olosi luontevaksi. [&hellip;]\" \/>\n<meta property=\"og:url\" content=\"https:\/\/tyoelamaan.fi\/tyon-aloitus\/tyohaastattelu\/\" \/>\n<meta property=\"og:site_name\" content=\"Ty\u00f6el\u00e4m\u00e4\u00e4n.fi\" \/>\n<meta property=\"article:modified_time\" content=\"2024-12-17T04:20:14+00:00\" \/>\n<meta name=\"twitter:card\" content=\"summary_large_image\" \/>\n<meta name=\"twitter:label1\" content=\"Est. reading time\" \/>\n\t<meta name=\"twitter:data1\" content=\"1 minute\" \/>\n<script type=\"application\/ld+json\" class=\"yoast-schema-graph\">{\"@context\":\"https:\\\/\\\/schema.org\",\"@graph\":[{\"@type\":\"WebPage\",\"@id\":\"https:\\\/\\\/tyoelamaan.fi\\\/tyon-aloitus\\\/tyohaastattelu\\\/\",\"url\":\"https:\\\/\\\/tyoelamaan.fi\\\/tyon-aloitus\\\/tyohaastattelu\\\/\",\"name\":\"Ty\u00f6haastattelu - Ty\u00f6el\u00e4m\u00e4\u00e4n.fi\",\"isPartOf\":{\"@id\":\"https:\\\/\\\/tyoelamaan.fi\\\/#website\"},\"datePublished\":\"2023-06-27T07:36:57+00:00\",\"dateModified\":\"2024-12-17T04:20:14+00:00\",\"breadcrumb\":{\"@id\":\"https:\\\/\\\/tyoelamaan.fi\\\/tyon-aloitus\\\/tyohaastattelu\\\/#breadcrumb\"},\"inLanguage\":\"fi-selko\",\"potentialAction\":[{\"@type\":\"ReadAction\",\"target\":[\"https:\\\/\\\/tyoelamaan.fi\\\/tyon-aloitus\\\/tyohaastattelu\\\/\"]}]},{\"@type\":\"BreadcrumbList\",\"@id\":\"https:\\\/\\\/tyoelamaan.fi\\\/tyon-aloitus\\\/tyohaastattelu\\\/#breadcrumb\",\"itemListElement\":[{\"@type\":\"ListItem\",\"position\":1,\"name\":\"Home\",\"item\":\"https:\\\/\\\/tyoelamaan.fi\\\/selko\\\/\"},{\"@type\":\"ListItem\",\"position\":2,\"name\":\"Ty\u00f6n aloitus\",\"item\":\"https:\\\/\\\/tyoelamaan.fi\\\/tyon-aloitus\\\/\"},{\"@type\":\"ListItem\",\"position\":3,\"name\":\"Ty\u00f6haastattelu\"}]},{\"@type\":\"WebSite\",\"@id\":\"https:\\\/\\\/tyoelamaan.fi\\\/#website\",\"url\":\"https:\\\/\\\/tyoelamaan.fi\\\/\",\"name\":\"Ty\u00f6el\u00e4m\u00e4\u00e4n.fi\",\"description\":\"\",\"publisher\":{\"@id\":\"https:\\\/\\\/tyoelamaan.fi\\\/#organization\"},\"potentialAction\":[{\"@type\":\"SearchAction\",\"target\":{\"@type\":\"EntryPoint\",\"urlTemplate\":\"https:\\\/\\\/tyoelamaan.fi\\\/?s={search_term_string}\"},\"query-input\":{\"@type\":\"PropertyValueSpecification\",\"valueRequired\":true,\"valueName\":\"search_term_string\"}}],\"inLanguage\":\"fi-selko\"},{\"@type\":\"Organization\",\"@id\":\"https:\\\/\\\/tyoelamaan.fi\\\/#organization\",\"name\":\"Ty\u00f6el\u00e4m\u00e4\u00e4n.fi\",\"url\":\"https:\\\/\\\/tyoelamaan.fi\\\/\",\"logo\":{\"@type\":\"ImageObject\",\"inLanguage\":\"fi-selko\",\"@id\":\"https:\\\/\\\/tyoelamaan.fi\\\/#\\\/schema\\\/logo\\\/image\\\/\",\"url\":\"https:\\\/\\\/tyoelamaan.fi\\\/wp-content\\\/uploads\\\/2024\\\/11\\\/tyoelamaan_logo.svg\",\"contentUrl\":\"https:\\\/\\\/tyoelamaan.fi\\\/wp-content\\\/uploads\\\/2024\\\/11\\\/tyoelamaan_logo.svg\",\"width\":131,\"height\":30,\"caption\":\"Ty\u00f6el\u00e4m\u00e4\u00e4n.fi\"},\"image\":{\"@id\":\"https:\\\/\\\/tyoelamaan.fi\\\/#\\\/schema\\\/logo\\\/image\\\/\"}}]}<\/script>\n<!-- \/ Yoast SEO plugin. -->","yoast_head_json":{"title":"Ty\u00f6haastattelu - Ty\u00f6el\u00e4m\u00e4\u00e4n.fi","robots":{"index":"index","follow":"follow","max-snippet":"max-snippet:-1","max-image-preview":"max-image-preview:large","max-video-preview":"max-video-preview:-1"},"canonical":"https:\/\/tyoelamaan.fi\/tyon-aloitus\/tyohaastattelu\/","og_locale":"fi_FI","og_type":"article","og_title":"Ty\u00f6haastattelu - Ty\u00f6el\u00e4m\u00e4\u00e4n.fi","og_description":"Saat kutsun ty\u00f6haastatteluun, jos ty\u00f6nantaja kiinnostuu hakemuksestasi. Tutustu ennen haastattelua ty\u00f6antajan nettisivuihin. Selvit\u00e4 my\u00f6s yrityksen tarkka sijainti, jotta l\u00f6yd\u00e4t varmasti perille ajoissa haastattelup\u00e4iv\u00e4n\u00e4. Ota mukaan todistukset ja ty\u00f6n\u00e4ytteit\u00e4. Haastattelija luo sinusta mielikuvan jo k\u00e4ttelyn perusteella. Kohtelias k\u00e4yt\u00f6s ja siisti ulkon\u00e4k\u00f6 antavat hyv\u00e4n vaikutelman. Asu kannattaa valita teht\u00e4v\u00e4n mukaan. Pukeudu kuitenkin niin, ett\u00e4 tunnet olosi luontevaksi. [&hellip;]","og_url":"https:\/\/tyoelamaan.fi\/tyon-aloitus\/tyohaastattelu\/","og_site_name":"Ty\u00f6el\u00e4m\u00e4\u00e4n.fi","article_modified_time":"2024-12-17T04:20:14+00:00","twitter_card":"summary_large_image","twitter_misc":{"Est. reading time":"1 minute"},"schema":{"@context":"https:\/\/schema.org","@graph":[{"@type":"WebPage","@id":"https:\/\/tyoelamaan.fi\/tyon-aloitus\/tyohaastattelu\/","url":"https:\/\/tyoelamaan.fi\/tyon-aloitus\/tyohaastattelu\/","name":"Ty\u00f6haastattelu - Ty\u00f6el\u00e4m\u00e4\u00e4n.fi","isPartOf":{"@id":"https:\/\/tyoelamaan.fi\/#website"},"datePublished":"2023-06-27T07:36:57+00:00","dateModified":"2024-12-17T04:20:14+00:00","breadcrumb":{"@id":"https:\/\/tyoelamaan.fi\/tyon-aloitus\/tyohaastattelu\/#breadcrumb"},"inLanguage":"fi-selko","potentialAction":[{"@type":"ReadAction","target":["https:\/\/tyoelamaan.fi\/tyon-aloitus\/tyohaastattelu\/"]}]},{"@type":"BreadcrumbList","@id":"https:\/\/tyoelamaan.fi\/tyon-aloitus\/tyohaastattelu\/#breadcrumb","itemListElement":[{"@type":"ListItem","position":1,"name":"Home","item":"https:\/\/tyoelamaan.fi\/selko\/"},{"@type":"ListItem","position":2,"name":"Ty\u00f6n aloitus","item":"https:\/\/tyoelamaan.fi\/tyon-aloitus\/"},{"@type":"ListItem","position":3,"name":"Ty\u00f6haastattelu"}]},{"@type":"WebSite","@id":"https:\/\/tyoelamaan.fi\/#website","url":"https:\/\/tyoelamaan.fi\/","name":"Ty\u00f6el\u00e4m\u00e4\u00e4n.fi","description":"","publisher":{"@id":"https:\/\/tyoelamaan.fi\/#organization"},"potentialAction":[{"@type":"SearchAction","target":{"@type":"EntryPoint","urlTemplate":"https:\/\/tyoelamaan.fi\/?s={search_term_string}"},"query-input":{"@type":"PropertyValueSpecification","valueRequired":true,"valueName":"search_term_string"}}],"inLanguage":"fi-selko"},{"@type":"Organization","@id":"https:\/\/tyoelamaan.fi\/#organization","name":"Ty\u00f6el\u00e4m\u00e4\u00e4n.fi","url":"https:\/\/tyoelamaan.fi\/","logo":{"@type":"ImageObject","inLanguage":"fi-selko","@id":"https:\/\/tyoelamaan.fi\/#\/schema\/logo\/image\/","url":"https:\/\/tyoelamaan.fi\/wp-content\/uploads\/2024\/11\/tyoelamaan_logo.svg","contentUrl":"https:\/\/tyoelamaan.fi\/wp-content\/uploads\/2024\/11\/tyoelamaan_logo.svg","width":131,"height":30,"caption":"Ty\u00f6el\u00e4m\u00e4\u00e4n.fi"},"image":{"@id":"https:\/\/tyoelamaan.fi\/#\/schema\/logo\/image\/"}}]}},"_links":{"self":[{"href":"https:\/\/tyoelamaan.fi\/selko\/wp-json\/wp\/v2\/pages\/10611","targetHints":{"allow":["GET"]}}],"collection":[{"href":"https:\/\/tyoelamaan.fi\/selko\/wp-json\/wp\/v2\/pages"}],"about":[{"href":"https:\/\/tyoelamaan.fi\/selko\/wp-json\/wp\/v2\/types\/page"}],"author":[{"embeddable":true,"href":"https:\/\/tyoelamaan.fi\/selko\/wp-json\/wp\/v2\/users\/13"}],"replies":[{"embeddable":true,"href":"https:\/\/tyoelamaan.fi\/selko\/wp-json\/wp\/v2\/comments?post=10611"}],"version-history":[{"count":3,"href":"https:\/\/tyoelamaan.fi\/selko\/wp-json\/wp\/v2\/pages\/10611\/revisions"}],"predecessor-version":[{"id":12566,"href":"https:\/\/tyoelamaan.fi\/selko\/wp-json\/wp\/v2\/pages\/10611\/revisions\/12566"}],"up":[{"embeddable":true,"href":"https:\/\/tyoelamaan.fi\/selko\/wp-json\/wp\/v2\/pages\/10842"}],"wp:attachment":[{"href":"https:\/\/tyoelamaan.fi\/selko\/wp-json\/wp\/v2\/media?parent=10611"}],"wp:term":[{"taxonomy":"asiasana","embeddable":true,"href":"https:\/\/tyoelamaan.fi\/selko\/wp-json\/wp\/v2\/asiasana?post=10611"},{"taxonomy":"omistaja","embeddable":true,"href":"https:\/\/tyoelamaan.fi\/selko\/wp-json\/wp\/v2\/omistaja?post=10611"}],"curies":[{"name":"wp","href":"https:\/\/api.w.org\/{rel}","templated":true}]}}